{"id":10,"date":"2020-08-23T21:39:16","date_gmt":"2020-08-23T19:39:16","guid":{"rendered":"http:\/\/medibourgeois.be\/?page_id=10"},"modified":"2022-05-17T15:21:13","modified_gmt":"2022-05-17T13:21:13","slug":"urgences","status":"publish","type":"page","link":"https:\/\/medibourgeois.be\/index.php\/urgences\/","title":{"rendered":"Urgences"},"content":{"rendered":"\n<p>Chaque jour ouvrable, nous avons des plages pour les urgences du jour. Vous pouvez nous contacter au <strong>02\/654.05.25<\/strong>. (\/!\\ Elles ne sont pas disponibles en ligne, et sont uniquement accessibles par t\u00e9l\u00e9phone)<br><br>En cas d\u2019urgence vitale : \u00a0<strong>112<\/strong><br><br>Pour connaitre le num\u00e9ro du m\u00e9decin de garde, apr\u00e8s 18h en semaine ainsi que le\u00a0week-end et les jours f\u00e9ri\u00e9s : \u00a0<strong> 1733<\/strong> <br><br>Centre antipoison <strong>: 070\/245.245<\/strong><\/p>\n\n\n\n<p>Pharmacie de garde: <a rel=\"noreferrer noopener\" href=\"http:\/\/pharmacie.be\" data-type=\"URL\" data-id=\"pharmacie.be\" target=\"_blank\">pharmacie.be<\/a><\/p>\n\n\n\n<p>Pr\u00e9vention suicide: <strong>0800\/32.123<\/strong><\/p>\n\n\n\n<p><\/p>\n\n\n\n<p><\/p>\n","protected":false},"excerpt":{"rendered":"<p>Chaque jour ouvrable, nous avons des plages pour les urgences du jour. Vous pouvez nous contacter au 02\/654.05.25. (\/!\\ Elles ne sont pas disponibles en ligne, et sont uniquement accessibles par t\u00e9l\u00e9phone) En cas d\u2019urgence vitale : \u00a0112 Pour connaitre le num\u00e9ro du m\u00e9decin de garde, apr\u00e8s 18h en semaine ainsi que le\u00a0week-end et les &hellip; <\/p>\n<p class=\"link-more\"><a href=\"https:\/\/medibourgeois.be\/index.php\/urgences\/\" class=\"more-link\">Continuer la lecture<span class=\"screen-reader-text\"> de &laquo;&nbsp;Urgences&nbsp;&raquo;<\/span><\/a><\/p>\n","protected":false},"author":1,"featured_media":0,"parent":0,"menu_order":0,"comment_status":"closed","ping_status":"closed","template":"","meta":{"footnotes":""},"class_list":["post-10","page","type-page","status-publish","hentry"],"_links":{"self":[{"href":"https:\/\/medibourgeois.be\/index.php\/wp-json\/wp\/v2\/pages\/10","targetHints":{"allow":["GET"]}}],"collection":[{"href":"https:\/\/medibourgeois.be\/index.php\/wp-json\/wp\/v2\/pages"}],"about":[{"href":"https:\/\/medibourgeois.be\/index.php\/wp-json\/wp\/v2\/types\/page"}],"author":[{"embeddable":true,"href":"https:\/\/medibourgeois.be\/index.php\/wp-json\/wp\/v2\/users\/1"}],"replies":[{"embeddable":true,"href":"https:\/\/medibourgeois.be\/index.php\/wp-json\/wp\/v2\/comments?post=10"}],"version-history":[{"count":8,"href":"https:\/\/medibourgeois.be\/index.php\/wp-json\/wp\/v2\/pages\/10\/revisions"}],"predecessor-version":[{"id":703,"href":"https:\/\/medibourgeois.be\/index.php\/wp-json\/wp\/v2\/pages\/10\/revisions\/703"}],"wp:attachment":[{"href":"https:\/\/medibourgeois.be\/index.php\/wp-json\/wp\/v2\/media?parent=10"}],"curies":[{"name":"wp","href":"https:\/\/api.w.org\/{rel}","templated":true}]}}